[INFO] cloning repository https://github.com/NBrudnak/RogLIke
[INFO] running `Command { std: "git" "-c" "credential.helper=" "-c" "credential.helper=/workspace/cargo-home/bin/git-credential-null" "clone" "--bare" "https://github.com/NBrudnak/RogLIke" "/workspace/cache/git-repos/https%3A%2F%2Fgithub.com%2FNBrudnak%2FRogLIke", kill_on_drop: false }`
[INFO] [stderr] Cloning into bare repository '/workspace/cache/git-repos/https%3A%2F%2Fgithub.com%2FNBrudnak%2FRogLIke'...
[INFO] running `Command { std: "git" "rev-parse" "HEAD", kill_on_drop: false }`
[INFO] [stdout] c6ee5e181634027ef6dd51235d8e8e4031a7c5ce
[INFO] checking NBrudnak/RogLIke against master#af3c6e733a40e671550e0f0f5aeecaa13772ba56 for pr-74989
[INFO] running `Command { std: "git" "clone" "/workspace/cache/git-repos/https%3A%2F%2Fgithub.com%2FNBrudnak%2FRogLIke" "/workspace/builds/worker-8/source", kill_on_drop: false }`
[INFO] [stderr] Cloning into '/workspace/builds/worker-8/source'...
[INFO] [stderr] done.
[INFO] validating manifest of git repo https://github.com/NBrudnak/RogLIke on toolchain af3c6e733a40e671550e0f0f5aeecaa13772ba56
[INFO] running `Command { std: "/workspace/cargo-home/bin/cargo" "+af3c6e733a40e671550e0f0f5aeecaa13772ba56" "read-manifest" "--manifest-path" "Cargo.toml", kill_on_drop: false }`
[INFO] started tweaking git repo https://github.com/NBrudnak/RogLIke
[INFO] finished tweaking git repo https://github.com/NBrudnak/RogLIke
[INFO] tweaked toml for git repo https://github.com/NBrudnak/RogLIke written to /workspace/builds/worker-8/source/Cargo.toml
[INFO] crate git repo https://github.com/NBrudnak/RogLIke already has a lockfile, it will not be regenerated
[INFO] running `Command { std: "/workspace/cargo-home/bin/cargo" "+af3c6e733a40e671550e0f0f5aeecaa13772ba56" "fetch" "--locked" "--manifest-path" "Cargo.toml", kill_on_drop: false }`
[INFO] running `Command { std: "docker" "create" "-v" "/var/lib/crater-agent-workspace/builds/worker-8/target:/opt/rustwide/target:rw,Z" "-v" "/var/lib/crater-agent-workspace/builds/worker-8/source:/opt/rustwide/workdir:ro,Z" "-v" "/var/lib/crater-agent-workspace/cargo-home:/opt/rustwide/cargo-home:ro,Z" "-v" "/var/lib/crater-agent-workspace/rustup-home:/opt/rustwide/rustup-home:ro,Z" "-e" "SOURCE_DIR=/opt/rustwide/workdir" "-e" "CARGO_TARGET_DIR=/opt/rustwide/target" "-e" "CARGO_HOME=/opt/rustwide/cargo-home" "-e" "RUSTUP_HOME=/opt/rustwide/rustup-home" "-w" "/opt/rustwide/workdir" "-m" "1610612736" "--user" "0:0" "--network" "none" "rustops/crates-build-env@sha256:d92eaeed33fa75130ca1ee6c8a01d1ffb62bac859dfdfb3450e3e5d1c0146529" "/opt/rustwide/cargo-home/bin/cargo" "+af3c6e733a40e671550e0f0f5aeecaa13772ba56" "metadata" "--no-deps" "--format-version=1", kill_on_drop: false }`
[INFO] [stdout] d4770e4856a8585fe769e779addceccd25d7129412171a2e7180192931acdd81
[INFO] [stderr] WARNING: Your kernel does not support swap limit capabilities or the cgroup is not mounted. Memory limited without swap.
[INFO] running `Command { std: "docker" "start" "-a" "d4770e4856a8585fe769e779addceccd25d7129412171a2e7180192931acdd81", kill_on_drop: false }`
[INFO] running `Command { std: "docker" "inspect" "d4770e4856a8585fe769e779addceccd25d7129412171a2e7180192931acdd81", kill_on_drop: false }`
[INFO] running `Command { std: "docker" "rm" "-f" "d4770e4856a8585fe769e779addceccd25d7129412171a2e7180192931acdd81", kill_on_drop: false }`
[INFO] [stdout] d4770e4856a8585fe769e779addceccd25d7129412171a2e7180192931acdd81
[INFO] running `Command { std: "docker" "create" "-v" "/var/lib/crater-agent-workspace/builds/worker-8/target:/opt/rustwide/target:rw,Z" "-v" "/var/lib/crater-agent-workspace/builds/worker-8/source:/opt/rustwide/workdir:ro,Z" "-v" "/var/lib/crater-agent-workspace/cargo-home:/opt/rustwide/cargo-home:ro,Z" "-v" "/var/lib/crater-agent-workspace/rustup-home:/opt/rustwide/rustup-home:ro,Z" "-e" "SOURCE_DIR=/opt/rustwide/workdir" "-e" "CARGO_TARGET_DIR=/opt/rustwide/target" "-e" "CARGO_INCREMENTAL=0" "-e" "RUST_BACKTRACE=full" "-e" "RUSTFLAGS=--cap-lints=forbid" "-e" "CARGO_HOME=/opt/rustwide/cargo-home" "-e" "RUSTUP_HOME=/opt/rustwide/rustup-home" "-w" "/opt/rustwide/workdir" "-m" "1610612736" "--user" "0:0" "--network" "none" "rustops/crates-build-env@sha256:d92eaeed33fa75130ca1ee6c8a01d1ffb62bac859dfdfb3450e3e5d1c0146529" "/opt/rustwide/cargo-home/bin/cargo" "+af3c6e733a40e671550e0f0f5aeecaa13772ba56" "check" "--frozen" "--all" "--all-targets" "--message-format=json", kill_on_drop: false }`
[INFO] [stdout] f35693f3c4395bbce3fa6821f7f2c0f1e5e0574c5cbe9248587ecd46eadad6de
[INFO] [stderr] WARNING: Your kernel does not support swap limit capabilities or the cgroup is not mounted. Memory limited without swap.
[INFO] running `Command { std: "docker" "start" "-a" "f35693f3c4395bbce3fa6821f7f2c0f1e5e0574c5cbe9248587ecd46eadad6de", kill_on_drop: false }`
[INFO] [stderr]    Compiling pkg-config v0.3.17
[INFO] [stderr]     Checking lazy_static v0.1.16
[INFO] [stderr]     Checking bitflags v0.1.1
[INFO] [stderr]    Compiling tcod-sys v5.0.1
[INFO] [stderr]     Checking tcod v0.15.0
[INFO] [stderr]     Checking rog v0.1.0 (/opt/rustwide/workdir)
[INFO] [stdout] error[E0412]: cannot find type `Person` in this scope
[INFO] [stdout]   --> src/main.rs:24:6
[INFO] [stdout]    |
[INFO] [stdout] 17 | struct person{
[INFO] [stdout]    | ------------- similarly named struct `person` defined here
[INFO] [stdout] ...
[INFO] [stdout] 24 | impl Person {
[INFO] [stdout]    |      ^^^^^^ help: a struct with a similar name exists: `person`
[INFO] [stdout] 
[INFO] [stdout] 
[INFO] [stdout] error[E0422]: cannot find struct, variant or union type `Player` in this scope
[INFO] [stdout]   --> src/main.rs:44:19
[INFO] [stdout]    |
[INFO] [stdout] 44 |     let mut person = Player {x: 1, y:1, icon:'@'};
[INFO] [stdout]    |                      ^^^^^^ not found in this scope
[INFO] [stdout] 
[INFO] [stdout] 
[INFO] [stdout] warning: type `person` should have an upper camel case name
[INFO] [stdout]   --> src/main.rs:17:8
[INFO] [stdout]    |
[INFO] [stdout] 17 | struct person{
[INFO] [stdout]    |        ^^^^^^ help: convert the identifier to upper camel case: `Person`
[INFO] [stdout]    |
[INFO] [stdout]    = note: `#[warn(non_camel_case_types)]` on by default
[INFO] [stdout] 
[INFO] [stdout] 
[INFO] [stdout] error[E0412]: cannot find type `Person` in this scope
[INFO] [stdout]   --> src/main.rs:24:6
[INFO] [stdout]    |
[INFO] [stdout] 17 | struct person{
[INFO] [stdout]    | ------------- similarly named struct `person` defined here
[INFO] [stdout] ...
[INFO] [stdout] 24 | impl Person {
[INFO] [stdout]    |      ^^^^^^ help: a struct with a similar name exists: `person`
[INFO] [stdout] 
[INFO] [stdout] 
[INFO] [stdout] error[E0422]: cannot find struct, variant or union type `Player` in this scope
[INFO] [stdout]   --> src/main.rs:44:19
[INFO] [stdout]    |
[INFO] [stdout] 44 |     let mut person = Player {x: 1, y:1, icon:'@'};
[INFO] [stdout]    |                      ^^^^^^ not found in this scope
[INFO] [stdout] 
[INFO] [stdout] 
[INFO] [stdout] warning: type `person` should have an upper camel case name
[INFO] [stdout]   --> src/main.rs:17:8
[INFO] [stdout]    |
[INFO] [stdout] 17 | struct person{
[INFO] [stdout]    |        ^^^^^^ help: convert the identifier to upper camel case: `Person`
[INFO] [stdout]    |
[INFO] [stdout]    = note: `#[warn(non_camel_case_types)]` on by default
[INFO] [stdout] 
[INFO] [stdout] 
[INFO] [stdout] error: aborting due to 2 previous errors; 1 warning emitted
[INFO] [stdout] 
[INFO] [stdout] 
[INFO] [stdout] Some errors have detailed explanations: E0412, E0422.
[INFO] [stdout] 
[INFO] [stdout] For more information about an error, try `rustc --explain E0412`.
[INFO] [stdout] 
[INFO] [stderr] error: could not compile `rog`.
[INFO] [stderr] 
[INFO] [stderr] To learn more, run the command again with --verbose.
[INFO] [stderr] warning: build failed, waiting for other jobs to finish...
[INFO] [stdout] error: aborting due to 2 previous errors; 1 warning emitted
[INFO] [stdout] 
[INFO] [stdout] 
[INFO] [stdout] Some errors have detailed explanations: E0412, E0422.
[INFO] [stdout] 
[INFO] [stdout] For more information about an error, try `rustc --explain E0412`.
[INFO] [stdout] 
[INFO] [stderr] error: build failed
[INFO] running `Command { std: "docker" "inspect" "f35693f3c4395bbce3fa6821f7f2c0f1e5e0574c5cbe9248587ecd46eadad6de", kill_on_drop: false }`
[INFO] running `Command { std: "docker" "rm" "-f" "f35693f3c4395bbce3fa6821f7f2c0f1e5e0574c5cbe9248587ecd46eadad6de", kill_on_drop: false }`
[INFO] [stdout] f35693f3c4395bbce3fa6821f7f2c0f1e5e0574c5cbe9248587ecd46eadad6de
